What is the hundred thousands digit of 105179139?
1
What is the millions digit of 673638883?
3
What is the hundred thousands digit of 233776166?
7
What is the tens digit of 1201793277?
7
What is the millions digit of 148451208?
8
What is the hundreds digit of 17977253?
2
What is the ten thousands digit of 74094880?
9
What is the thousands digit of 645927115?
7
What is the hundreds digit of 95198439?
4
What is the millions digit of 18583614?
8
What is the tens digit of 584899891?
9
What is the hundreds digit of 10196559?
5
What is the units digit of 83529274?
4
What is the millions digit of 1160249330?
0
What is the millions digit of 22150999?
2
What is the millions digit of 12993097?
2
What is the ten thousands digit of 217363367?
6
What is the ten thousands digit of 6084068?
8
What is the hundreds digit of 1945345114?
1
What is the hundred millions digit of 293380196?
2
What is the hundred thousands digit of 47714498?
7
What is the hundred millions digit of 774201403?
7
What is the units digit of 334640934?
4
What is the units digit of 408489952?
2
What is the tens digit of 1465583961?
6
What is the hundred millions digit of 173499383?
1
What is the millions digit of 500661876?
0
What is the hundreds digit of 68652923?
9
What is the hundred thousands digit of 29757484?
7
What is the hundred thousands digit of 142337365?
3
What is the hundred thousands digit of 42439269?
4
What is the thousands digit of 16483110?
3
What is the thousands digit of 345973877?
3
What is the billions digit of 8348493599?
8
What is the hundred thousands digit of 196514747?
5
What is the units digit of 555233628?
8
What is the ten millions digit of 83259732?
8
What is the tens digit of 207461260?
6
What is the units digit of 274655863?
3
What is the hundreds digit of 776077605?
6
What is the millions digit of 70093038?
0
What is the ten thousands digit of 2211496237?
9
What is the ten millions digit of 27192129?
2
What is the hundred thousands digit of 49730211?
7
What is the tens digit of 16591418?
1
What is the hundred thousands digit of 507516502?
5
What is the ten millions digit of 811643951?
1
What is the millions digit of 155313997?
5
What is the hundred millions digit of 127622960?
1
What is the hundreds digit of 1584974721?
7
What is the units digit of 12913300?
0
What is the millions digit of 195547229?
5
What is the ten thousands digit of 43735925?
3
What is the ten thousands digit of 316264904?
6
What is the units digit of 29055516?
6
What is the ten millions digit of 762258945?
6
What is the tens digit of 186418123?
2
What is the ten millions digit of 76130995?
7
What is the thousands digit of 401734262?
4
What is the thousands digit of 2977478895?
8
What is the hundred thousands digit of 3110806887?
8
What is the units digit of 260782566?
6
What is the units digit of 23194628?
8
What is the thousands digit of 198949766?
9
What is the millions digit of 99734374?
9
What is the ten millions digit of 264495726?
6
What is the millions digit of 1370919831?
0
What is the thousands digit of 153148410?
8
What is the thousands digit of 1265278706?
8
What is the thousands digit of 504335471?
5
What is the ten thousands digit of 350826147?
2
What is the ten thousands digit of 1522339616?
3
What is the units digit of 34154759?
9
What is the millions digit of 1889379743?
9
What is the ten thousands digit of 56535497?
3
What is the tens digit of 22505485?
8
What is the hundred thousands digit of 213120378?
1
What is the hundreds digit of 91380076?
0
What is the units digit of 43712148?
8
What is the hundred millions digit of 4598866013?
5
What is the millions digit of 98438667?
8
What is the hundreds digit of 3824977?
9
What is the ten millions digit of 38509872?
3
What is the ten thousands digit of 85861082?
6
What is the hundred millions digit of 1333400203?
3
What is the ten thousands digit of 2438146692?
4
What is the hundred thousands digit of 1388428395?
4
What is the hundreds digit of 498616728?
7
What is the ten millions digit of 28325656?
2
What is the hundred thousands digit of 778076563?
0
What is the ten thousands digit of 41353266?
5
What is the hundred millions digit of 369743674?
3
What is the millions digit of 2628020675?
8
What is the ten thousands digit of 1198005784?
0
What is the millions digit of 87745127?
7
What is the millions digit of 278303530?
8
What is the ten millions digit of 1469217761?
6
What is the hundred millions digit of 544346145?
5
What is the ten thousands digit of 1158955449?
5
What is the millions digit of 2445264478?
5
What is the tens digit of 26766065?
6
What is the ten millions digit of 297140903?
9
What is the ten millions digit of 31267755?
3
What is the thousands digit of 342321631?
1
What is the units digit of 116958563?
3
What is the units digit of 339777781?
1
What is the hundred thousands digit of 1203100605?
1
What is the hundred thousands digit of 259549224?
5
What is the thousands digit of 6531295110?
5
What is the hundreds digit of 1888913030?
0
What is the ten thousands digit of 85086487?
8
What is the ten millions digit of 642755122?
4
What is the ten thousands digit of 34302458?
0
What is the hundred millions digit of 499838784?
4
What is the millions digit of 130855576?
0
What is the thousands digit of 3171233661?
3
What is the ten millions digit of 82247173?
8
What is the hundreds digit of 3048665285?
2
What is the hundred millions digit of 681400766?
6
What is the thousands digit of 5675278?
5
What is the ten thousands digit of 389330200?
3
What is the ten millions digit of 43356634?
4
What is the ten millions digit of 101732166?
0
What is the millions digit of 440623067?
0
What is the tens digit of 14505219?
1
What is the ten millions digit of 483770662?
8
What is the thousands digit of 2265795573?
5
What is the millions digit of 480833800?
0
What is the hundred millions digit of 1060129681?
0
What is the hundred thousands digit of 14776525?
7
What is the ten thousands digit of 208830833?
3
What is the thousands digit of 3629246067?
6
What is the tens digit of 39220290?
9
What is the millions digit of 81944002?
1
What is the units digit of 9278923?
3
What is the thousands digit of 744070292?
0
What is the ten thousands digit of 776027385?
2
What is the hundreds digit of 42928551?
5
What is the millions digit of 201406319?
1
What is the ten millions digit of 135319602?
3
What is the ten thousands digit of 227248637?
4
What is the ten thousands digit of 9180312956?
1
What is the hundred thousands digit of 2580285820?
2
What is the ten thousands digit of 2028425801?
2
What is the hundred thousands digit of 101526938?
5
What is the hundred millions digit of 121656041?
1
What is the hundred thousands digit of 813311316?
3
What is the thousands digit of 21400672?
0
What is the hundred thousands digit of 252975689?
9
What is the tens digit of 113342156?
5
What is the thousands digit of 122726661?
6
What is the hundreds digit of 43624230?
2
What is the thousands digit of 23436299?
6
What is the units digit of 80119546?
6
What is the hundred thousands digit of 101253074?
2
What is the units digit of 134287679?
9
What is the millions digit of 100065262?
0
What is the millions digit of 40061828?
0
What is the thousands digit of 40399635?
9
What is the billions digit of 3719169065?
3
What is the thousands digit of 32116614?
6
What is the tens digit of 59022599?
9
What is the hundred thousands digit of 5492804590?
8
What is the ten millions digit of 2805128574?
0
What is the hundred thousands digit of 1881382315?
3
What is the millions digit of 693681786?
3
What is the units digit of 19402562?
2
What is the ten thousands digit of 416412090?
1
What is the thousands digit of 58577039?
7
What is the millions digit of 39473863?
9
What is the ten thousands digit of 47377664?
7
What is the hundred millions digit of 301223315?
3
What is the hundred millions digit of 298624199?
2
What is the hundred thousands digit of 1777751994?
7
What is the hundreds digit of 60349232?
2
What is the millions digit of 5459259608?
9
What is the units digit of 60369367?
7
What is the tens digit of 71890589?
8
What is the tens digit of 44834714?
1
What is the hundred thousands digit of 772929758?
9
What is the millions digit of 4179232878?
9
